{"id":81,"date":"2017-05-04T09:39:59","date_gmt":"2017-05-04T08:39:59","guid":{"rendered":"https:\/\/anetoseguro.com\/?page_id=81"},"modified":"2022-08-02T14:04:44","modified_gmt":"2022-08-02T13:04:44","slug":"meteorologia","status":"publish","type":"page","link":"https:\/\/anetoseguro.com\/fr\/meteorologia\/","title":{"rendered":"M\u00e9t\u00e9o"},"content":{"rendered":"<p><strong><a href=\"https:\/\/anetoseguro.com\/wp-content\/uploads\/2017\/05\/amanecer_nubes_aneto.jpg\"><img loading=\"lazy\" decoding=\"async\" class=\"alignleft wp-image-217 size-medium\" title=\"Amanecer entre nubes en el glaciar del Aneto\" src=\"https:\/\/anetoseguro.com\/wp-content\/uploads\/2017\/05\/amanecer_nubes_aneto-350x263.jpg\" alt=\"meteorologia-monta\u00f1a-nubes-aneto-amanecer\" width=\"350\" height=\"263\" srcset=\"https:\/\/anetoseguro.com\/wp-content\/uploads\/2017\/05\/amanecer_nubes_aneto-350x263.jpg 350w, https:\/\/anetoseguro.com\/wp-content\/uploads\/2017\/05\/amanecer_nubes_aneto-768x576.jpg 768w, https:\/\/anetoseguro.com\/wp-content\/uploads\/2017\/05\/amanecer_nubes_aneto-730x548.jpg 730w, https:\/\/anetoseguro.com\/wp-content\/uploads\/2017\/05\/amanecer_nubes_aneto-1366x1025.jpg 1366w, https:\/\/anetoseguro.com\/wp-content\/uploads\/2017\/05\/amanecer_nubes_aneto.jpg 1824w\" sizes=\"auto, (max-width: 350px) 100vw, 350px\" \/><\/a><\/strong><\/p>\n<p>La m\u00e9t\u00e9o est souvent \u00e0 l\u2019origine des sauvetages effectu\u00e9s sur l\u2019Aneto. <strong>Conna\u00eetre les pr\u00e9visions m\u00e9t\u00e9o est essentiel en montagne<\/strong>\u00a0: elles permettent de se faire une id\u00e9e sur la fa\u00e7on et le moment les mieux indiqu\u00e9s pour affronter l\u2019ascension, sur les temp\u00e9ratures qu\u2019il va falloir supporter, le type de v\u00eatements \u00e0 emporter, etc.<\/p>\n<p>Votre <a href=\"https:\/\/anetoseguro.com\/mochila\/\">sac \u00e0 dos<\/a> doit toujours contenir l\u2019\u00e9quipement qui vous permettra de vous prot\u00e9ger des conditions m\u00e9t\u00e9o\u00a0: <strong>v\u00eatement int\u00e9gral prot\u00e9geant tout le corps, coupe-vent\/imperm\u00e9able et protection solaire<\/strong><strong>.<\/strong><\/p>\n<h4>O\u00f9 consulter les pr\u00e9visions m\u00e9t\u00e9o?<\/h4>\n<p>Le site internet de l\u2019<a href=\"http:\/\/www.aemet.es\/es\/eltiempo\/prediccion\/montana?p=arn1\"><strong>AEMET<\/strong><\/a> donne des pr\u00e9visions sp\u00e9cifiques aux zones de montagne, que nous devons toujours consulter. Ces pr\u00e9visions d\u00e9taill\u00e9es apportent des informations tr\u00e8s utiles pour l\u2019alpiniste\u00a0: la<strong>vitesse du vent en altitude, l\u2019altitude de l\u2019<\/strong><a href=\"https:\/\/www.aemet.es\/documentos\/es\/conocermas\/montana\/lexico_montana\/Lexico_de_montana.pdf\">isotherme z\u00e9ro<\/a><strong>, les risques d\u2019orage, la temp\u00e9rature ressentie ou l\u2019intensit\u00e9 du rayonnement UV<\/strong><strong>.<\/strong><\/p>\n<h4>\u00c0 quels ph\u00e9nom\u00e8nes m\u00e9t\u00e9o peut-on \u00eatre confront\u00e9?<\/h4>\n<p><strong>En haute montagne<\/strong>l\u2019<strong>amplitude thermique entre le jour et la nuit est consid\u00e9rable<\/strong>. M\u00eame en \u00e9t\u00e9, <strong>les temp\u00e9ratures proches de z\u00e9ro ne sont pas rares<\/strong>.<\/p>\n<p><strong>Les orages peuvent \u00eatre fr\u00e9quents dans la zone de l\u2019Aneto \u00e0 partir de la mi-journ\u00e9e.<\/strong> Il faut rester attentif aux pr\u00e9visions m\u00e9t\u00e9o et \u00e0 l\u2019\u00e9volution des nuages dans le courant de la journ\u00e9e. <strong>Les zones de cr\u00eates et de sommets sont tr\u00e8s dangereuses lorsque les conditions sont orageuses et qu\u2019il y a des risques de foudre<\/strong>.<\/p>\n<p>En pr\u00e9sence de <strong>nuages bas ou de brouillard, il peut devenir difficile de s\u2019orienter et de suivre les bornes ou les cairns.<\/strong>En effet, en haute montagne, le trac\u00e9 des sentiers n\u2019est pas toujours net. De plus, <strong>dans de telles conditions, le sol et les pierres sont souvent mouill\u00e9es, ce qui favorise les glissades<\/strong>.<\/p>\n<h4>Faut-il prendre en consid\u00e9ration le soleil et le vent?<\/h4>\n<p>Bien s\u00fbr\u00a0! <strong>Le rayonnement solaire est plus intense en haute montagne<\/strong>. Rappelez-vous que vous allez devoir marcher sur la neige et la glace, qui refl\u00e8tent le rayonnement. Prot\u00e9gez votre peau avec une cr\u00e8me \u00e0 indice de protection solaire \u00e9lev\u00e9 et utilisez des lunettes de soleil pour \u00e9viter les probl\u00e8mes oculaires.<\/p>\n<p><strong>Un vent fort provoque une sensation thermique inf\u00e9rieure \u00e0 la temp\u00e9rature indiqu\u00e9e par le thermom\u00e8tre<\/strong>, et un refroidissement important. Emportez toujours dans <a href=\"https:\/\/anetoseguro.com\/mochila\/\">votre sac \u00e0 dos<\/a><strong>un coupe-vent, un bonnet et des gants fins<\/strong><strong>.<\/strong><\/p>\n<p><a href=\"https:\/\/anetoseguro.com\/wp-content\/uploads\/2017\/05\/SENSACION_TERMICA.jpg\"><img loading=\"lazy\" decoding=\"async\" class=\"aligncenter wp-image-206 size-large\" src=\"https:\/\/anetoseguro.com\/wp-content\/uploads\/2017\/05\/SENSACION_TERMICA-730x454.jpg\" alt=\"\" width=\"730\" height=\"454\" srcset=\"https:\/\/anetoseguro.com\/wp-content\/uploads\/2017\/05\/SENSACION_TERMICA-730x454.jpg 730w, https:\/\/anetoseguro.com\/wp-content\/uploads\/2017\/05\/SENSACION_TERMICA-350x217.jpg 350w, https:\/\/anetoseguro.com\/wp-content\/uploads\/2017\/05\/SENSACION_TERMICA-768x477.jpg 768w, https:\/\/anetoseguro.com\/wp-content\/uploads\/2017\/05\/SENSACION_TERMICA.jpg 1125w\" sizes=\"auto, (max-width: 730px) 100vw, 730px\" \/><\/a><\/p>\n<p>&nbsp;<\/p>\n<p>&nbsp;<\/p>\n<table class=\"miTabla\">\n<tbody>\n<tr>\n<td style=\"text-align: left;\"><a class=\"btn btn-default btn-lg btn-left btn-nav\" href=\"https:\/\/anetoseguro.com\/horarios\/\">Dur\u00e9es<\/a><\/td>\n<td style=\"text-align: right;\"><a class=\"btn btn-default btn-lg btn-right btn-nav\" href=\"https:\/\/anetoseguro.com\/cobertura-telefonica\/\">Couverture t\u00e9l\u00e9phonique<\/a><\/td>\n<\/tr>\n<\/tbody>\n<\/table>\n<p><\/p>","protected":false},"excerpt":{"rendered":"<p>La m\u00e9t\u00e9o est souvent \u00e0 l\u2019origine des sauvetages effectu\u00e9s sur l\u2019Aneto. Conna\u00eetre les pr\u00e9visions m\u00e9t\u00e9o est essentiel en montagne\u00a0: elles permettent de se faire une id\u00e9e sur la fa\u00e7on et le moment les mieux indiqu\u00e9s pour affronter l\u2019ascension, sur les temp\u00e9ratures qu\u2019il va falloir supporter, le type de v\u00eatements \u00e0 emporter, etc. Votre sac \u00e0 dos doit toujours contenir l\u2019\u00e9quipement qui vous permettra de vous prot\u00e9ger des conditions m\u00e9t\u00e9o\u00a0: v\u00eatement int\u00e9gral prot\u00e9geant tout le corps, coupe-vent\/imperm\u00e9able et protection solaire. O\u00f9 consulter les pr\u00e9visions m\u00e9t\u00e9o? Le site internet de l\u2019AEMET donne des pr\u00e9visions sp\u00e9cifiques aux zones de montagne, que nous devons &hellip;<\/p>\n","protected":false},"author":2,"featured_media":0,"parent":0,"menu_order":0,"comment_status":"closed","ping_status":"closed","template":"","meta":{"_joinchat":[],"footnotes":""},"class_list":["post-81","page","type-page","status-publish","hentry"],"_links":{"self":[{"href":"https:\/\/anetoseguro.com\/fr\/wp-json\/wp\/v2\/pages\/81","targetHints":{"allow":["GET"]}}],"collection":[{"href":"https:\/\/anetoseguro.com\/fr\/wp-json\/wp\/v2\/pages"}],"about":[{"href":"https:\/\/anetoseguro.com\/fr\/wp-json\/wp\/v2\/types\/page"}],"author":[{"embeddable":true,"href":"https:\/\/anetoseguro.com\/fr\/wp-json\/wp\/v2\/users\/2"}],"replies":[{"embeddable":true,"href":"https:\/\/anetoseguro.com\/fr\/wp-json\/wp\/v2\/comments?post=81"}],"version-history":[{"count":15,"href":"https:\/\/anetoseguro.com\/fr\/wp-json\/wp\/v2\/pages\/81\/revisions"}],"predecessor-version":[{"id":1139,"href":"https:\/\/anetoseguro.com\/fr\/wp-json\/wp\/v2\/pages\/81\/revisions\/1139"}],"wp:attachment":[{"href":"https:\/\/anetoseguro.com\/fr\/wp-json\/wp\/v2\/media?parent=81"}],"curies":[{"name":"wp","href":"https:\/\/api.w.org\/{rel}","templated":true}]}}

Météo

<p><strong><a href="https://anetoseguro.com/wp-content/uploads/2017/05/amanecer_nubes_aneto.jpg"><img loading="lazy" decoding="async" class="alignleft wp-image-217 size-medium" title="Amanecer entre nubes en el glaciar del Aneto" src="https://anetoseguro.com/wp-content/uploads/2017/05/amanecer_nubes_aneto-350x263.jpg" alt="meteorologia-montaña-nubes-aneto-amanecer" width="350" height="263" srcset="https://anetoseguro.com/wp-content/uploads/2017/05/amanecer_nubes_aneto-350x263.jpg 350w, https://anetoseguro.com/wp-content/uploads/2017/05/amanecer_nubes_aneto-768x576.jpg 768w, https://anetoseguro.com/wp-content/uploads/2017/05/amanecer_nubes_aneto-730x548.jpg 730w, https://anetoseguro.com/wp-content/uploads/2017/05/amanecer_nubes_aneto-1366x1025.jpg 1366w, https://anetoseguro.com/wp-content/uploads/2017/05/amanecer_nubes_aneto.jpg 1824w" sizes="auto, (max-width: 350px) 100vw, 350px" /></a></strong></p>
<p>La météo est souvent à l’origine des sauvetages effectués sur l’Aneto. <strong>Connaître les prévisions météo est essentiel en montagne</strong> : elles permettent de se faire une idée sur la façon et le moment les mieux indiqués pour affronter l’ascension, sur les températures qu’il va falloir supporter, le type de vêtements à emporter, etc.</p>
<p>Votre <a href="https://anetoseguro.com/mochila/">sac à dos</a> doit toujours contenir l’équipement qui vous permettra de vous protéger des conditions météo : <strong>vêtement intégral protégeant tout le corps, coupe-vent/imperméable et protection solaire</strong><strong>.</strong></p>
<h4>Où consulter les prévisions météo?</h4>
<p>Le site internet de l’<a href="http://www.aemet.es/es/eltiempo/prediccion/montana?p=arn1"><strong>AEMET</strong></a> donne des prévisions spécifiques aux zones de montagne, que nous devons toujours consulter. Ces prévisions détaillées apportent des informations très utiles pour l’alpiniste : la<strong>vitesse du vent en altitude, l’altitude de l’</strong><a href="https://www.aemet.es/documentos/es/conocermas/montana/lexico_montana/Lexico_de_montana.pdf">isotherme zéro</a><strong>, les risques d’orage, la température ressentie ou l’intensité du rayonnement UV</strong><strong>.</strong></p>
<h4>À quels phénomènes météo peut-on être confronté?</h4>
<p><strong>En haute montagne</strong>l’<strong>amplitude thermique entre le jour et la nuit est considérable</strong>. Même en été, <strong>les températures proches de zéro ne sont pas rares</strong>.</p>
<p><strong>Les orages peuvent être fréquents dans la zone de l’Aneto à partir de la mi-journée.</strong> Il faut rester attentif aux prévisions météo et à l’évolution des nuages dans le courant de la journée. <strong>Les zones de crêtes et de sommets sont très dangereuses lorsque les conditions sont orageuses et qu’il y a des risques de foudre</strong>.</p>
<p>En présence de <strong>nuages bas ou de brouillard, il peut devenir difficile de s’orienter et de suivre les bornes ou les cairns.</strong>En effet, en haute montagne, le tracé des sentiers n’est pas toujours net. De plus, <strong>dans de telles conditions, le sol et les pierres sont souvent mouillées, ce qui favorise les glissades</strong>.</p>
<h4>Faut-il prendre en considération le soleil et le vent?</h4>
<p>Bien sûr ! <strong>Le rayonnement solaire est plus intense en haute montagne</strong>. Rappelez-vous que vous allez devoir marcher sur la neige et la glace, qui reflètent le rayonnement. Protégez votre peau avec une crème à indice de protection solaire élevé et utilisez des lunettes de soleil pour éviter les problèmes oculaires.</p>
<p><strong>Un vent fort provoque une sensation thermique inférieure à la température indiquée par le thermomètre</strong>, et un refroidissement important. Emportez toujours dans <a href="https://anetoseguro.com/mochila/">votre sac à dos</a><strong>un coupe-vent, un bonnet et des gants fins</strong><strong>.</strong></p>
<p><a href="https://anetoseguro.com/wp-content/uploads/2017/05/SENSACION_TERMICA.jpg"><img loading="lazy" decoding="async" class="aligncenter wp-image-206 size-large" src="https://anetoseguro.com/wp-content/uploads/2017/05/SENSACION_TERMICA-730x454.jpg" alt="" width="730" height="454" srcset="https://anetoseguro.com/wp-content/uploads/2017/05/SENSACION_TERMICA-730x454.jpg 730w, https://anetoseguro.com/wp-content/uploads/2017/05/SENSACION_TERMICA-350x217.jpg 350w, https://anetoseguro.com/wp-content/uploads/2017/05/SENSACION_TERMICA-768x477.jpg 768w, https://anetoseguro.com/wp-content/uploads/2017/05/SENSACION_TERMICA.jpg 1125w" sizes="auto, (max-width: 730px) 100vw, 730px" /></a></p>
<p>&nbsp;</p>
<p>&nbsp;</p>
<table class="miTabla">
<tbody>
<tr>
<td style="text-align: left;"><a class="btn btn-default btn-lg btn-left btn-nav" href="https://anetoseguro.com/horarios/">Durées</a></td>
<td style="text-align: right;"><a class="btn btn-default btn-lg btn-right btn-nav" href="https://anetoseguro.com/cobertura-telefonica/">Couverture téléphonique</a></td>
</tr>
</tbody>
</table>
<p></p>

<p>La météo est souvent à l’origine des sauvetages effectués sur l’Aneto. Connaître les prévisions météo est essentiel en montagne : elles permettent de se faire une idée sur la façon et le moment les mieux indiqués pour affronter l’ascension, sur les températures qu’il va falloir supporter, le type de vêtements à emporter, etc. Votre sac à dos doit toujours contenir l’équipement qui vous permettra de vous protéger des conditions météo : vêtement intégral protégeant tout le corps, coupe-vent/imperméable et protection solaire. Où consulter les prévisions météo? Le site internet de l’AEMET donne des prévisions spécifiques aux zones de montagne, que nous devons &hellip;</p>
